alse
Is 829453 composite?
False
Is 433033 composite?
False
Is 162599963 prime?
True
Is 477289573 a composite number?
False
Is 357338483 a composite number?
True
Is 2014433 prime?
False
Is 18007337 composite?
True
Is 22305233 a composite number?
True
Is 7882871 prime?
True
Is 225149 prime?
True
Is 38223437 a prime number?
False
Is 1264351 composite?
True
Is 4237041 a composite number?
True
Is 7393615 a prime number?
False
Is 61200071 composite?
False
Is 108070163 a prime number?
True
Is 13870891 a composite number?
False
Is 10700257 a prime number?
True
Is 8449097 a composite number?
False
Is 489443 composite?
True
Is 9623363 prime?
True
Is 1101973 a composite number?
True
Is 210198971 composite?
False
Is 14733643 a prime number?
True
Is 5894441 composite?
True
Is 4081657 composite?
False
Is 11126023 prime?
True
Is 3236761 composite?
True
Is 872587 prime?
True
Is 381523 a prime number?
True
Is 78540031 a prime number?
True
Is 12021511 composite?
True
Is 145230977 a composite number?
True
Is 1371641 prime?
True
Is 91100717 composite?
True
Is 13339709 prime?
True
Is 373804469 a prime number?
False
Is 205870991 composite?
False
Is 14204159 composite?
True
Is 15056431 a prime number?
False
Is 61591 a composite number?
True
Is 413166767 a composite number?
True
Is 10024219 a composite number?
False
Is 8555999 a composite number?
False
Is 86518907 a composite number?
False
Is 31208677 a prime number?
False
Is 19339171 prime?
True
Is 10039693 a composite number?
False
Is 129930287 composite?
True
Is 772193 a composite number?
True
Is 239668447 a composite number?
True
Is 525461 a prime number?
True
Is 40954 a composite number?
True
Is 2386729 composite?
True
Is 21697591 composite?
True
Is 4605365 composite?
True
Is 10519143 prime?
False
Is 8478433 prime?
True
Is 13106209 a prime number?
True
Is 8504009 prime?
False
Is 9916889 a composite number?
False
Is 28197467 prime?
False
Is 36538213 a prime number?
True
Is 103407539 composite?
True
Is 1056672763 a prime number?
True
Is 46027687 composite?
True
Is 209912327 a composite number?
False
Is 331813 a composite number?
True
Is 11835479 a prime number?
True
Is 1117373 composite?
True
Is 6103637 prime?
True
Is 21466957 composite?
False
Is 14856173 prime?
False
Is 7459559 prime?
True
Is 5231717 a prime number?
True
Is 31505079 composite?
True
Is 97885273 a prime number?
False
Is 31224373 a prime number?
True
Is 1236457 a composite number?
True
Is 4953563 a composite number?
True
Is 43742683 prime?
False
Is 97856639 a prime number?
True
Is 166906003 a prime number?
False
Is 289353341 composite?
True
Is 2499506015 prime?
False
Is 4210189 a composite number?
True
Is 355216559 a composite number?
False
Is 14568809 a composite number?
False
Is 280047257 prime?
False
Is 83122883 a composite number?
True
Is 1831667 a prime number?
True
Is 8454139 prime?
True
Is 15961019 a composite number?
True
Is 6441557 prime?
True
Is 716707689 a composite number?
True
Is 10618201 prime?
False
Is 17934143 prime?
True
Is 7161547 a composite number?
False
Is 60007601 prime?
True
Is 78841741 composite?
True
Is 1870754 a prime number?
False
Is 37895855 composite?
True
Is 410820347 a prime number?
False
Is 706886 composite?
True
Is 276845719 composite?
False
Is 56374373 composite?
True
Is 21739943 prime?
True
Is 49024973 prime?
True
Is 1316071 composite?
False
Is 133345011 prime?
False
Is 65177803 a composite number?
True
Is 6981461 prime?
False
Is 46551259 composite?
False
Is 153408077 a prime number?
True
Is 40027943 composite?
False
Is 239023805 prime?
False
Is 63463 composite?
False
Is 540386843 prime?
True
Is 27391093 a prime number?
False
Is 1766927 a prime number?
False
Is 11623537 a prime number?
True
Is 3321093 a prime number?
False
Is 126199 composite?
False
Is 5509 prime?
False
Is 3597623 a composite number?
True
Is 3252731 a prime number?
True
Is 28709749 composite?
True
Is 17173369 composite?
False
Is 1200737 a composite number?
True
Is 408169 a composite number?
False
Is 9280651 a composite number?
False
Is 15996787 prime?
False
Is 2825447 composite?
False
Is 6882223 composite?
True
Is 1230167 a prime number?
True
Is 16211401 a composite number?
False
Is 151031 a prime number?
False
Is 63348619 composite?
False
Is 11429029 a prime number?
False
Is 13107487 prime?
False
Is 445235741 a prime number?
False
Is 1164979 a prime number?
True
Is 124291679 a composite number?
True
Is 194798297 prime?
True
Is 414967777 a prime number?
False
Is 542449 a prime number?
False
Is 285594223 a prime number?
True
Is 16766891 a prime number?
True
Is 17738069 composite?
False
Is 438669969 a prime number?
False
Is 6124693 prime?
False
Is 7086917 a composite number?
True
Is 7781723 a prime number?
True
Is 5787347 a composite number?
False
Is 8749891 a prime number?
True
Is 38419747 composite?
True
Is 67530949 a prime number?
True
Is 442276115 a composite number?
True
Is 192018917 a prime number?
True
Is 4282097 prime?
False
Is 3739381 prime?
True
Is 963335 composite?
True
Is 128513807 prime?
True
Is 28850279 a prime number?
True
Is 352303181 composite?
False
Is 2638159 a composite number?
True
Is 572951 composite?
True
Is 79639601 composite?
True
Is 604619 a composite number?
False
Is 2713729 a composite number?
True
Is 457791 a composite number?
True
Is 10583039 composite?
False
Is 2142242 prime?
False
Is 14405071 composite?
False
Is 93489023 a prime number?
True
Is 2822943 a composite number?
True
Is 33654611 composite?
True
Is 12486011 a prime number?
True
Is 22008089 a composite number?
False
Is 86969534 a prime number?
False
Is 78931861 a composite number?
False
Is 29859491 prime?
True
Is 30049049 prime?
False
Is 219191953 prime?
True
Is 5614993 prime?
True
Is 3205931 composite?
True
Is 8609533 prime?
True
Is 216569 a composite number?
False
Is 116209 a prime number?
False
Is 3548863 composite?
False
Is 141761 a composite number?
False
Is 218398067 a composite number?
False
Is 150648527 composite?
False
Is 277934407 prime?
True
Is 1589633 a prime number?
True
Is 133733 prime?
True
Is 590929 prime?
True
Is 88501415 a prime number?
False
Is 313093109 prime?
False
Is 187505 composite?
True
Is 236393 composite?
True
Is 66879541 composite?
True
Is 345161147 composite?
False
Is 13331687 composite?
True
Is 2936705 a prime number?
False
Is 1889133 composite?
True
Is 4703137 a prime number?
False
Is 27115771 a composite number?
True
Is 6173603 composite?
False
Is 34964803 a composite number?
False
Is 838583 prime?
True
Is 132054707 prime?
False
Is 511418 prime?
False
Is 117650041 prime?
False
Is 106353851 prime?
False
Is 7623949 a composite number?
True
Is 117794629 a composite number?
True
Is 1384885 composite?
True
Is 12945227 prime?
False
Is 30426503 a prime number?
False
Is 52919 prime?
True
Is 9983497 a prime number?
True
Is 1560799 a prime number?
True
Is 923327 prime?
False
Is 5503279 a composite number?
True
Is 394665197 composite?
False
Is 318819443 a prime number?
False
Is 9150703 prime?
True
Is 778560349 a prime number?
False
Is 565483 a prime number?
True
Is 18631579 prime?
True
Is 3533471 a prime number?
True
Is 30836789 composite?
True
Is 4335119 a prime number?
False
Is 2210051 a composite number?
True
Is 14627761 prime?
True
Is 5772041 composite?
True
Is 48589 prime?
True
Is 576216203 a prime number?
True
Is 146056487 a prime number?
True
Is 1537516111 a composite number?
False
Is 239119 composite?
False
Is 30061991 composite?
False
Is 337439 prime?
False
Is 5709149 a prime number?
True
Is 26280417 a composite number?
True
Is 161407861 a prime number?
True
Is 11463313 composite?
True
Is 2160787 prime?
True
Is 261827383 a prime number?
True
Is 604834921 composite?
False
Is 1869691 a prime number?
True
Is 327933539 prime?
False
Is 22421857 a composite number?
False
Is 4737706 composite?
True
Is 171759701 prime?
False
Is 8636267 prime?
False
Is 23980817 prime?
False
Is 2030712719 a composite number?
True
Is 21465023 a composite number?
True
Is 68347 a composite number?
True
Is 36242639 composite?
True
Is 2738681 a composite number?
True
Is 68856253 a composite number?
True
Is 1227 a prime number?
False
Is 1277429 composite?
False
Is 4441019 a prime number?
False
Is 3602393 a composite number?
False
Is 5970439 prime?
False
Is 12